 + -11.
9
-8 + 14 + -10 + (-9 - 2)
-15
Calculate -3 - (-26 + 2) - 9.
12
What is (-461 - -496) + (-61 - 2)?
-28
What is the value of -6 + 3 + -2 + -6 + 14?
3
Calculate (-123 - -106) + (-6 - -6).
-17
-76 + 81 + -1 + -15
-11
Calculate (-8 - (25 + -37)) + -9.
-5
Evaluate -10 - (-9 + 4 + 7 - 1).
-11
(2 - -12) + (29 - 25)
18
What is the value of -32 + 38 + (5 + -2 - -1)?
10
Evaluate -28 - ((17 - 32) + -5).
-8
What is -3 - (16 + 6 + -21)?
-4
What is the value of -27 + 98 - 24 - 82?
-35
Calculate (7 - 0) + -4 + -6.
-3
-4 + 18 - 1 - -2
15
Evaluate 0 + (-3 + (-2 - -2) - (-4 - 4)).
5
(-1 - (23 + -2 + -8)) + -11
-25
What is the value of (6 - 0) + -2 - (44 + -54)?
14
What is the value of 22 + -14 + (232 - 225) + 6 + -1?
20
-26 + (-21 + 26 - -22)
1
Calculate -17 + (-7 - (-20 + -8)).
4
What is 6 - -1 - -2 - 3?
6
Evaluate 65 + (-48 - -42) + -30.
29
What is the value of (-29 + 16 + 4 - (2 + -6)) + -4?
-9
17 + (5 - (-13 + 19)) + (1 - -1)
18
What is the value of -11 - -2 - (143 + -157)?
5
What is the value of 1 + 3 + -1 + 3 - 8 - 1?
-3
What is the value of -4 + (13 - (6 + (-2 - -4))) + 6?
7
(14 + 0 + -12 - 7) + (-9 - -1)
-13
Evaluate -195 + 157 - (-8 - 4).
-26
Evaluate (-2 - -5 - 3) + (-14 - (-22 - -12)).
-4
What is 9 + (-18 - -5) + 13?
9
What is -19 - (-20 + 1) - 8?
-8
8 - (3 - (6 + (-14 - -21)))
18
Calculate -2 + 5 + -1 + (30 - (30 - 6)).
8
8 + (-9 - ((-4 - -8) + -8))
3
Calculate 2 + -18 - (3 + -8).
-11
Calculate -6 + -5 + (2 + -6 - (-5 + 7)).
-17
What is the value of (16 - -8) + -9 + -12 - 18?
-15
What is (145 - 173) + 18 + 1?
-9
Calculate -20 - (-18 + 13) - -14.
-1
-15 + (12 + 0 + 6 - -7)
10
Evaluate 1 - (0 + 1 + 2) - -7 - -6.
11
Calculate (-6 + 3 - 5) + 5.
-3
((-2 - (-5 - -3)) + 4 - -5) + -7
2
What is -604 + 599 + (-12 - (-1 - -2))?
-18
-4 + -1 + (12 - (-16 - -21)) + -5
-3
Calculate 59 + -37 + (-12 - 0).
10
What is the value of -24 + (0 - (-1 + -9)) + 5 + -5?
-14
Calculate 26 + -41 - (3 - 31).
13
Calculate -13 + 6 - (32 + -15 - 18).
-6
Evaluate -8 + -10 + 16 - (-4 + -1).
3
What is -5 + (-10 - (-12 - -6))?
-9
-1 + 1 + 5 - (-18 - (-10 - 13))
0
10 - (-9 + 8) - (7 - 2)
6
What is the value of 18 + -21 - (-13 - (-28 + 1))?
-17
Calculate -8 + (32 - (16 - 30 - -6)).
32
Evaluate 28 - -1 - 7 - -4.
26
What is the value of 5 - (28 - 16 - -22)?
-29
6 - (-14 - -2 - -22)
-4
What is -11 - (-1 + 0 + 10 - (3 + 13))?
-4
Evaluate -4 + -1 + (5 - 3 - (1 - 5)).
1
What is 39 + (-50 - -30) + -8?
11
Calculate -32 + 2 + 8 + -4 - -13.
-13
Evaluate 13 - (-1 + (-4 - (-5 + -2))).
11
What is -16 + (34 - (13 - 11) - -1)?
17
-97 - -85 - (-1 - 17)
6
What is -13 + 8 + (-11 - -3)?
-13
Evaluate (-2 + 1 - -23 - (-17 + 18)) + -6.
15
What is the value of -19 - -29 - -8 - 12?
6
What is 20 + -5 + 7 - 18?
4
Calculate -10 + (5 - -1) - (-98 - -70).
24
What is -51 + -66 + 64 + (-1 - -19)?
-35
Calculate -17 - (-23 + 12) - -7.
1
What is -5 - (5 - 5) - 27 - (-9 + 6)?
-29
Calculate (3 - 4 - 19) + -160 + 166.
-14
What is the value of 8 + (-22 - -14) + 17 - (-1 + 0)?
18
What is (-1 - -5) + -3 + (123 - 130)?
-6
12 + (-4 + 11 - 25)
-6
Calculate 506 + -450 + -1 + -23.
32
What is the value of 16 + 0 + -2 - 4?
10
Calculate -4 + -4 + (4 - -7) + -10.
-7
What is (5 - ((3 - -26) + -12)) + -3?
-15
What is the value of 11 + -68 + (38 - 16)?
-35
-6 + (5 + -2 - 5) - -8
0
Evaluate (-10 - (-9 + -31)) + -13 + (-3 - -1).
15
Calculate -18 + (-27 - -18 - (-12 - (-3 + 8))).
-10
23 + (-5 - (9 + 17))
-8
(-39 - -47) + -9 + 5 + -6
-2
Evaluate 8 + -16 + 18 + (4 - (2 + -2)).
14
What is (-5 - -8) + -6 - (-18 - -10 - -8)?
-3
134 - 116 - (-3 - -13)
8
Evaluate -1 + 6 + 5 - (1 - 5).
14
Evaluate -7 - ((0 - 10) + 5 + 0 + -13).
11
(-18 - -1) + (-370 - -390)
3
Calculate 62 + -50 + (-4 - -2) + -8.
2
13 - (13 - (21 + -14))
7
Calculate 3 - (-4 + 1) - (-6 + (-12 - -25)).
-1
-7 + 0 + 10 + (-4 - -1) + -2
-2
-19 - (-4 + 2 + -6)
-11
Evaluate 15 + (2 - (7 + (-3 - -11))).
2
Evaluate (-5 - 0) + (-16 + 28 - -3).
10
Evaluate -17 - (-13 - 4) - ((1 - -1) + -9).
7
Evaluate -7 + (5 - 11) + 16.
3
What is the value of -3 - -7 - 19 - -5 - -8?
-2
What is (-9 - 20 - -10) + 10?
-9
1 + -1 - (-66 - -69) - (-4 - 2)
3
What is the value of 2 + 2 - (37 + -38) - -3?
8
Evaluate -94 - -97 - (5 + -3 + 0 - -2).
-1
Evaluate (-10 - (-6 + (0 - -11))) + 3.
-12
Evaluate 0 - -10 - -20 - (9 + 2).
19
(-1 - (3 + (8 - 3))) + (35 - 2)
24
Evaluate 57 - (-22 + 23 + 25).
31
Calculate -11 + -1 + (-4 - -1) + (-141 - -141).
-15
What is the value of 2 + 8 - (183 - 189) - 45?
-29
What is 1 + -3 + -1 + (0 - 2 - -3)?
-2
What is the value of -15 + (17 + -1 - 15)?
-14
Evaluate -2 + -4 + 0 + 1 - (-568 - -573).
-10
What is -11 - (11 - -9 - 30)?
-1
Evaluate -11 + 30 + (26 - 17).
28
Evaluate -10 + (-53 - -21 - -15).
-27
What is (-25 - (-34 + 18) - -22) + -1?
12
What is the value of 5 + -1 + -17 + 13?
0
Calculate -6 + -2 + 0 + -145 + 153.
0
What is the value of 23 - (-6 + 30) - (2 + -5 - 20)?
22
Calculate -18 + 8 - -36 - (-38 + 36).
28
7 + (24 - 13) + -30 - -12
0
What is the value of 6 - (29 - 7) - -8 - -2?
-6
Evaluate (16 - 10 - -2) + -23.
-15
What is the value of (4 + 1 - 9) + -5?
-9
13 - (15 + 11 - 9) - -2
-2
Calculate (-81 - -19) + 21 + 23.
-18
What is the value of (27 + -3 - 26) + (30 - -1)?
29
-2 - (-9 + 3 - (-11 - -1)) - -26
20
Calculate 4 + (4 - 2) + -9.
-3
-10 + (8 - -4) + 1 + -1
2
Calculate 4 + 15 - (7 - (-8 - -10)).
14
Calculate (6 - (5 - 2) - -3) + -12 - 7.
-13
What is the value of 6 - 1 - 3 - (-8 + 0)?
10
Calculate 6 - (-33 + -15 + 25 - 7).
36
Calculate 7 - (-2 - (-3 - (-11 - -8))) - 5.
4
What is (-9 - (4 - 6) - -20) + -16?
-3
Evaluate 7 + (-16 - -15) + (-3 - -3 - 15).
-9
What is the value of (0 - 18) + -7 + 42?
17
What is the value of 5 + 17 - 50 - (-7 + 4)?
-25
Evaluate 1 - 5 - (7 + -1 + -10 + 5).
-5
Calculate 4 - (56 - 0 - 37).
-15
(-11 - -7 - 0 - 3) + 4 - -10
7
What is -17 - (-14 - (-18 + 27))?
6
Calculate -4 - (-7 + -21 + 24 + (-2 - 1)).
3
2 - (-3 + -7 + (-8 - -4) + 7)
9
What is -1 - (20 + (-50 - -8))?
21
Calculate -3 + 12 + -8 + -13 + 8.
-4
What is (7 - -3) + -7 - 12 - 0?
-9
Evaluate 1 + -1 + (8 + -23 + 35 - 6).
14
-15 + 0 - (-136 + 125)
-4
What is the value of 2 - (-19 - -23 - (-3 - -2))?
-3
-1 + 1 - 6 - (-21 + 76 + -93)
32
Calculate 1 + -10 + 1 + -138 + 152.
6
(1 - 2) + (27 - ((-15 - -3) + 15))
23
What is 0 + (-3 - 0) + 7 + (-17 - -10)?
-3
Calculate -9 - 1 - (-4 + 3 + -1).
-8
(0 - 0) + 5 + -6 + -15 + 15
-1
Evaluate 11 + (1 - 2) + (14 - 17).
7
Calculate 20 + -10 - (6 + 5).
-1
What is the value of 8 - (-10 + (5 - 8) - 6 - -8)?
19
(-15 - -3) + -8 - -40
20
Evaluate 17 + -13 + 3 + 0 + 0 + 2.
9
Evaluate 4 + 9 + -38 + 13 + 20.
8
Calculate 3 - 17 - (-204 + 200).
-10
17 - (-1 + -1 + 12)
7
-26 - ((-34 - -17) + 23 - (1 - -6))
-25
What is 5 - (-3 + -8 - -16 - -9)?
-9
Evaluate -6 + (11 + -6 - 11 - -9) - -16.
13
Calculate 2 + -2 + 0 + -6 + -5 + 18.
7
Calculate 321 - 320 - ((2 - 5 - -1) + 5).
-2
What is the value of 17 + -18 + -6 - -36?
29
Calculate 6 - 12 - (-22 + 8 + -6).
14
Evaluate -13 + 7 + -8 + -6.
-20
8 + 1 + (2 - 4) + 384 + -373
18
(3 + -4 - -13) + -2
10
Evaluate -5 + (-6 + -2 - -25 - 1).
11
Evaluate -9 + (20 - 14) + -5.
-8
What is the value of (-19 + 19 - (-11 - 1)) + 8 + 0?
20
What is the value of -40 - -36 - (0 - 6 - (-15 + 11))?
-2
What is (1 - (-17 + 20)) + 22?
20
What is the value of -355 + 389 - (0 + 1 + 8)?
25
What is the value of 3 + -3 + (0 - 6)?
-6
4 + 7 + -24 + 13
0
-21 + 48 + -37 - 17
-27
What is the value of (-25 - 1) + (-1901 - -1934)?
7
Evaluate -22 + 1 - (55 - 81).
5
What is 0 + (12 + 33 - 18) + -12?
15
Evaluate -4241 + 4240 - (-1 + 1 + 21).
-22
-9 - (-16 + 1 + 26)
-20
(2 - 8 - (1 - 1)) + 6 + 1
1
Evaluate -3 - -8 - (-10 + (8 - 8) + 12).
3
What is the value of -8 - 32 - -40 - (12 + -1 + -2)?
-9
What is the value of 2 + (0 - (6 + 3 - 8) - 17)?
-16
Evaluate 18 - 0 - (-29 + 15 + 23).
9
Evaluate (4 - 15) + (-9 - -3) + -1.
-18
Evaluate 3 + -6 + -1 - (27 - 14 - 17).
0
What is the value of -5 - -8 - (-21 - -30)?
-6
Evaluate -9 - (-24 + (18 - 4)).
1
2 + (2 - 13) + (-4 - 9) + 22
0
Calculate 7 - (21 + -19 - (2 - -2)).
9
What is the value of (41 - 33) + (-18 - -2)?
-8
(-31 - -14) + 23 + -5
1
Evaluate -7 - (-9 + 12 + -6 + -15 + 10).
1
17 - -3 - (-54 - -55)
19
16 + (-3 - 8) + (9 - 2) + 2
14
(0 - 21) + (18 - 1 - 2 - 16)
-22
What is -22 + 5 - -6 - -9?
-2
Calculate -3 + (19 + -10 - 1) 